{"id":3102,"date":"2021-01-18T19:39:10","date_gmt":"2021-01-18T18:39:10","guid":{"rendered":"https:\/\/asdlevantebitritto.it\/?page_id=3102"},"modified":"2021-10-21T14:03:02","modified_gmt":"2021-10-21T12:03:02","slug":"ssc-bari-official-academy","status":"publish","type":"page","link":"https:\/\/asdlevantebitritto.it\/index.php\/ssc-bari-official-academy\/","title":{"rendered":"SSC Bari Official Academy"},"content":{"rendered":"<p>[vc_row css=&#8221;.vc_custom_1610829549797{padding-top: 10px !important;padding-right: 10px !important;padding-bottom: 10px !important;padding-left: 10px !important;}&#8221;][vc_column][vc_empty_space height=&#8221;20px&#8221;][\/vc_column][\/vc_row][vc_row][vc_column]\r\n        <div class=\"rs-heading style2   \">\r\n        \t<div class=\"title-inner \">\r\n        \t\t       \t\t\r\n\t            \r\n\t            <h2 class=\"title title-upper\">Progetto<\/h2> <span class=\"lines-bg\"><\/span>\r\n\t            <div class=\"title-img bottom-img\"><\/div>\r\n\t        <\/div><\/div>[\/vc_column][\/vc_row][vc_row][vc_column width=&#8221;1\/4&#8243;][vc_single_image image=&#8221;3105&#8243; img_size=&#8221;full&#8221;][\/vc_column][vc_column width=&#8221;3\/4&#8243;][vc_column_text]Bari Generation \u00e8 il progetto ideato dall&#8217;SSC Bari per valorizzare tutti i giovani talenti del nostro territorio, aperto alle societ\u00e0 locali che vorranno far parte della grande famiglia dei Galletti.<\/p>\n<p>Crediamo nella missione sociale del calcio, siamo convinti che la passione per questo sport rappresenti un fattore aggregante per le persone, gli atleti, i tifosi di tutte le et\u00e0, ma ancora di pi\u00f9 crediamo che questo gioco sia molto pi\u00f9 che \u201cdue calci al pallone\u201d, che quella sfera che inseguiamo e calciamo sul campo rappresenti un valore da conservare e preservare per le giovani generazioni, per tutti quei ragazzi che hanno un sogno da coltivare sul campo.[\/vc_column_text][\/vc_column][\/vc_row][vc_row full_width=&#8221;stretch_row&#8221; css=&#8221;.vc_custom_1610998568991{padding-top: 0px !important;}&#8221;][vc_column css=&#8221;.vc_custom_1610998149491{padding-top: 0px !important;}&#8221;][vc_column_text]<\/p>\n<blockquote><p>Crediamo che questo gioco sia molto pi\u00f9 che \u201cdue calci al pallone\u201d, che quella sfera che inseguiamo e calciamo sul campo rappresenti un valore da conservare e preservare per tutti quei ragazzi che hanno un sogno da coltivare sul campo.<\/p><\/blockquote>\n<p>[\/vc_column_text][\/vc_column][\/vc_row][vc_row][vc_column width=&#8221;2\/3&#8243;][vc_column_text]Conosciamo la magia che si crea durante una partita, disegnata sulle linee del campo e animata dai giovani protagonisti di una gara, li vediamo allenarsi ogni giorno, esultiamo con loro, li osserviamo crescere come singoli e come squadra, con quello spirito che abbiamo gi\u00e0 ammirato nei grandi calciatori. Il progetto \u00e8 ampio, inclusivo, improntato a un codice etico nel quale dirigenti, mister, atleti, genitori avranno il dovere di farsi portavoce dei pi\u00f9 sani principi e valori della cultura sportiva, basata sul rispetto delle regole, gioco di squadra e finalizzata a un benessere collettivo in cui il gioco e la crescita vengono anteposti all\u2019agonismo.<\/p>\n<p>L&#8217;obiettivo \u00e8 la costante crescita della societ\u00e0 che avr\u00e0 il privilegio di un rapporto diretto con la SSC Bari dalla quale potr\u00e0 attingere un bagaglio di conoscenze tecniche, sportive e organizzative attraverso le quali migliorare il proprio standard qualitativo e rafforzare la presenza sul territorio.[\/vc_column_text][\/vc_column][vc_column width=&#8221;1\/3&#8243;][vc_single_image image=&#8221;3106&#8243; img_size=&#8221;large&#8221; alignment=&#8221;right&#8221;][\/vc_column][\/vc_row][vc_row][vc_column]\r\n        <div class=\"rs-heading style2   \">\r\n        \t<div class=\"title-inner \">\r\n        \t\t       \t\t\r\n\t            \r\n\t            <h2 class=\"title title-upper\">Area Tecnica<\/h2> <span class=\"lines-bg\"><\/span>\r\n\t            <div class=\"title-img bottom-img\"><\/div>\r\n\t        <\/div><\/div>[\/vc_column][\/vc_row][vc_row][vc_column width=&#8221;2\/3&#8243;][vc_column_text]La SSC Bari ci riserva di una vera e propria offerta didattica nella quale sono compresi incontri mensili presso lo Stadio San Nicola,\u00a0 in campo che in aula, alla presenza dei nostri tecnici con il fine di presentare e sviluppare il modello formativo della SSC Bari. A questi si assoceranno lezioni tecniche a completamento della didattica clinic mirata alla vera e propria preparazione atletica e coordinativa, sull\u2019allenamento dei portieri, sulla ruolizzazione e sulle fasi di gioco.[\/vc_column_text][\/vc_column][vc_column width=&#8221;1\/3&#8243;][vc_single_image image=&#8221;3419&#8243; img_size=&#8221;large&#8221; alignment=&#8221;right&#8221;][\/vc_column][\/vc_row][vc_row][vc_column]\r\n        <div class=\"rs-heading style2   \">\r\n        \t<div class=\"title-inner \">\r\n        \t\t       \t\t\r\n\t            \r\n\t            <h2 class=\"title title-upper\">Area Organizzativa<\/h2> <span class=\"lines-bg\"><\/span>\r\n\t            <div class=\"title-img bottom-img\"><\/div>\r\n\t        <\/div><\/div>[\/vc_column][\/vc_row][vc_row][vc_column][vc_column_text]I vantaggi non finiscono qui, infatti i nostri tesserati vivranno un\u2019esperienza completa nel mondo della SSC Bari, a partire dallo Stadio San Nicola:<\/p>\n<ul>\n<li>Per i tesserati e i loro accompagnatori saranno riconosciuti accessi convenzionati in occasione delle gare di campionato della Prima Squadra, nel settore Tribuna EST;<\/li>\n<li>Sfilata pre-gara di tutti i tesserati (tecnici e atleti);<\/li>\n<li>Accessi presso le strutture in cui svolge attivit\u00e0 la Prima Squadra della SSC Bari, con possibilit\u00e0 di assistere agli allenamenti e incontrare i calciatori della Prima Squadra;<\/li>\n<li>Attivit\u00e0 di \u201craccattapalle\u201d da parte di almeno n. 5 tesserati dell\u2019Affiliata, in occasione delle partite della Prima Squadra della SSCB, secondo i criteri di turnazione stabiliti da SSCB;<\/li>\n<li>Tornei interni per ogni fascia d\u2019et\u00e0.<\/li>\n<\/ul>\n<p>[\/vc_column_text][\/vc_column][\/vc_row][vc_row css=&#8221;.vc_custom_1610829549797{padding-top: 10px !important;padding-right: 10px !important;padding-bottom: 10px !important;padding-left: 10px !important;}&#8221;][vc_column][vc_empty_space height=&#8221;20px&#8221;][\/vc_column][\/vc_row][vc_row][vc_column]\r\n        <div class=\"rs-heading style2   \">\r\n        \t<div class=\"title-inner \">\r\n        \t\t       \t\t\r\n\t            \r\n\t            <h2 class=\"title title-upper\">Area Scouting<\/h2> <span class=\"lines-bg\"><\/span>\r\n\t            <div class=\"title-img bottom-img\"><\/div>\r\n\t        <\/div><\/div>[\/vc_column][\/vc_row][vc_row][vc_column width=&#8221;2\/3&#8243;][vc_column_text]I tecnici della SSC Bari effettueranno un monitoraggio continuo degli atleti che compongono le squadre delle societ\u00e0 affiliate attraverso una assidua presenza all\u2019interno delle stesse, con il fine di individuare i giovani pi\u00f9 promettenti, operare una divisione di questi in base all\u2019et\u00e0, e introdurli nelle relative squadre del settore giovanile SSC Bari.[\/vc_column_text][\/vc_column][vc_column width=&#8221;1\/3&#8243;][vc_single_image image=&#8221;3142&#8243; img_size=&#8221;large&#8221; alignment=&#8221;right&#8221;][\/vc_column][\/vc_row][vc_row css=&#8221;.vc_custom_1610829549797{padding-top: 10px !important;padding-right: 10px !important;padding-bottom: 10px !important;padding-left: 10px !important;}&#8221;][vc_column][vc_empty_space height=&#8221;20px&#8221;][\/vc_column][\/vc_row][vc_row][vc_column]\r\n        <div class=\"rs-heading style2   \">\r\n        \t<div class=\"title-inner \">\r\n        \t\t       \t\t\r\n\t            \r\n\t            <h2 class=\"title title-upper\">video<\/h2> <span class=\"lines-bg\"><\/span>\r\n\t            <div class=\"title-img bottom-img\"><\/div>\r\n\t        <\/div><\/div>[\/vc_column][\/vc_row][vc_row][vc_column width=&#8221;1\/3&#8243;]<div class=\"rs-video-2 Style2 video-item-28 \"><img decoding=\"async\" src=\"https:\/\/asdlevantebitritto.it\/wp-content\/uploads\/2021\/01\/bari-avellino.png\" alt=\"\"><a style=\"background-color:#189edd!important\" class=\"popup-videos\" id=\"video-item-28\" data-bg=\"#189edd\" href=\"https:\/\/www.youtube.com\/embed?v=qIQHzebUDHY\" title=\"\">\r\n\t\t\t\t\t\t<i data-icolor=\"#ffffff\" class=\"fa fa-play\"><\/i>\r\n\t\t\t\t\t<\/a>\r\n\t\t\t\t\t\r\n\t\t\t<\/div>[\/vc_column][vc_column width=&#8221;1\/3&#8243;]<div class=\"rs-video-2 Style2 video-item-11 \"><img decoding=\"async\" src=\"https:\/\/asdlevantebitritto.it\/wp-content\/uploads\/2021\/01\/brienza.png\" alt=\"\"><a style=\"background-color:#189edd!important\" class=\"popup-videos\" id=\"video-item-11\" data-bg=\"#189edd\" href=\"https:\/\/www.youtube.com\/embed?v=a2HFCnkZ8og\" title=\"\">\r\n\t\t\t\t\t\t<i data-icolor=\"#ffffff\" class=\"fa fa-play\"><\/i>\r\n\t\t\t\t\t<\/a>\r\n\t\t\t\t\t\r\n\t\t\t<\/div>[\/vc_column][vc_column width=&#8221;1\/3&#8243;]<div class=\"rs-video-2 Style2 video-item-28 \"><img decoding=\"async\" src=\"https:\/\/asdlevantebitritto.it\/wp-content\/uploads\/2021\/01\/ssc-bari-video.png\" alt=\"\"><a style=\"background-color:#189edd!important\" class=\"popup-videos\" id=\"video-item-28\" data-bg=\"#189edd\" href=\"https:\/\/www.youtube.com\/embed?v=09T-Psok6T4\" title=\"\">\r\n\t\t\t\t\t\t<i data-icolor=\"#ffffff\" class=\"fa fa-play\"><\/i>\r\n\t\t\t\t\t<\/a>\r\n\t\t\t\t\t\r\n\t\t\t<\/div>[\/vc_column][\/vc_row][vc_row css=&#8221;.vc_custom_1610829549797{padding-top: 10px !important;padding-right: 10px !important;padding-bottom: 10px !important;padding-left: 10px !important;}&#8221;][vc_column][vc_empty_space height=&#8221;20px&#8221;][\/vc_column][\/vc_row][vc_row][vc_column]\r\n        <div class=\"rs-heading style2   \">\r\n        \t<div class=\"title-inner \">\r\n        \t\t       \t\t\r\n\t            \r\n\t            <h2 class=\"title title-upper\">news<\/h2> <span class=\"lines-bg\"><\/span>\r\n\t            <div class=\"title-img bottom-img\"><\/div>\r\n\t        <\/div><\/div>[\/vc_column][\/vc_row][vc_row][vc_column width=&#8221;1\/6&#8243;][\/vc_column][vc_column width=&#8221;4\/6&#8243;]\n\t\t\t<div class=\"rs-blog rs-latest-news style2\">\n\t\t\t\t<div class=\"row mb-30\">\n\t\t\t\t\t<div class=\"col-md-12 blog-item style2\">\n\t\t\t\t    \t<div class=\"latest-news-grid\">\n\t\t\t\t    \t\t<div class=\"news-normal-block featured-news-grid\">\n\t\t    \t\t                    <div class=\"news-img\">\n\t\t    \t\t                    \t<a href=\"https:\/\/asdlevantebitritto.it\/?post_type=post&p=3976\">\n\t\t    \t\t                        \t<img loading=\"lazy\" decoding=\"async\" width=\"1000\" height=\"690\" src=\"https:\/\/asdlevantebitritto.it\/wp-content\/uploads\/2026\/04\/661387035_1507173368081156_2197653553413221326_n-1000x690.jpg\" class=\"attachment-khelo_latest_xl_blog size-khelo_latest_xl_blog wp-post-image\" alt=\"\" \/>\n\t\t    \t\t                    \t<\/a>\n\t\t    \t\t                    <\/div>\n\t\t    \t\t                    <div class=\"news-info\">\n\t\t\t\t\t\t\t\t\t\t\t<div class=\"meta meta-date\">\n\t\t\t\t\t\t\t\t\t\t\t\t<span class=\"month-day\">31<\/span>\n\t\t\t\t\t\t\t\t\t\t\t\t<span class=\"month-name\">Mar<\/span>\n\t\t\t\t\t\t\t\t\t\t\t<\/div>\n\t\t\t    \t\t                \t<h3 class=\"news-title\"><a href=\"https:\/\/asdlevantebitritto.it\/?post_type=post&p=3976\">\ud835\udc02\ud835\udc00\ud835\udc0b\ud835\udc02\ud835\udc08\ud835\udc0e \ud835\udc03\ud835\udc00 \ud835\udc13\ud835\udc00\ud835\udc15\ud835\udc0e\ud835\udc0b\ud835\udc0e: \ud835\udc0b\ud835\udc00 \ud835\udc0b\ud835\udc04\ud835\udc15\ud835\udc00\ud835\udc0d\ud835\udc13\ud835\udc04 \ud835\udc01\ud835\udc08\ud835\udc13\ud835\udc11\ud835\udc08\ud835\udc13\ud835\udc13\ud835\udc0e \ud835\udc04\ud835\udc12\ud835\udc0e\ud835\udc11\ud835\udc03\ud835\udc08\ud835\udc12\ud835\udc02\ud835\udc04 \ud835\udc0d\ud835\udc04\ud835\udc0b \ud835\udc02\ud835\udc00\ud835\udc0c\ud835\udc0f\ud835\udc08\ud835\udc0e\ud835\udc0d\ud835\udc00\ud835\udc13\ud835\udc0e \ud835\udc11\ud835\udc04\ud835\udc06\ud835\udc08\ud835\udc0e\ud835\udc0d\ud835\udc00\ud835\udc0b\ud835\udc04<\/a><\/h3>\n\t\t\t    \t\t                \t<div class=\"news-desc\">\n\t\t\t    \t\t                \t\t<p>\n\t\t\t    \t\t                \t\t\t\ud835\udc48\ud835\udc41 \ud835\udc41\ud835\udc48\ud835\udc42\ud835\udc49\ud835\udc42 \ud835\udc43\ud835\udc45\ud835\udc42\ud835\udc3a\ud835\udc38\ud835\udc47\ud835\udc47\ud835\udc42 \ud835\udc43\ud835\udc38\ud835\udc45 \ud835\udc36\ud835\udc42\ud835\udc41\ud835\udc47\ud835\udc3c\ud835\udc41\ud835\udc48\ud835\udc34\ud835\udc45\ud835\udc38 \ud835\udc34 \ud835\udc37\ud835\udc3c\ud835\udc49\ud835\udc38\ud835\udc45\ud835\udc47\ud835\udc3c\ud835\udc45\ud835\udc46\ud835\udc3c \ud835\udc34\ud835\udc41\ud835\udc36\ud835\udc3b\ud835\udc38 \ud835\udc39\ud835\udc48\ud835\udc42\ud835\udc45\ud835\udc3c \ud835\udc37\ud835\udc34\ud835\udc3f \ud835\udc36\ud835\udc34\ud835\udc40\ud835\udc43\ud835\udc42 194 squadre. 14...\n\t\t\t    \t\t                \t\t<\/p>\n\t\t\t    \t\t                \t<\/div>\n\t\t\t    \t\t                <\/div>\n\t\t    \t\t                <\/div>\n\t\t\t\t    \t<\/div>\t\t\t        \t\t\t\n\t\t\t\t\t<\/div>\n\t\t\t\t<\/div>\n\t\t\t\t<div class=\"row\"><div class=\"col-md-4 col-sm-4 mb-30 blog-item style2\">\n\t        \t\t\t\t<div class=\"news-list-item\"><div class=\"news-img\">\n\t\t                        \t<a href=\"https:\/\/asdlevantebitritto.it\/?post_type=post&p=3956\"><img loading=\"lazy\" decoding=\"async\" width=\"600\" height=\"775\" src=\"https:\/\/asdlevantebitritto.it\/wp-content\/uploads\/2026\/04\/655048149_1497786202353206_1025160322070263662_n-600x775.jpg\" class=\"attachment-khelo_blog_sm_grid size-khelo_blog_sm_grid wp-post-image\" alt=\"\" srcset=\"https:\/\/asdlevantebitritto.it\/wp-content\/uploads\/2026\/04\/655048149_1497786202353206_1025160322070263662_n-600x775.jpg 600w, https:\/\/asdlevantebitritto.it\/wp-content\/uploads\/2026\/04\/655048149_1497786202353206_1025160322070263662_n-350x452.jpg 350w\" sizes=\"auto, (max-width: 600px) 100vw, 600px\" \/><\/a>\n\t\t                    <\/div><div class=\"news-info-list\" style=\"position: static;\">\n\t\t\t\t\t\t\t<div class=\"meta meta-date\">\n\t\t\t\t\t\t\t\t<span class=\"month-day\">21<\/span>\n\t\t\t\t\t\t\t\t<span class=\"month-name\">Mar<\/span>\n\t\t\t\t\t\t\t<\/div>\n\t                    \t<h4 class=\"news-title\"><a href=\"https:\/\/asdlevantebitritto.it\/?post_type=post&p=3956\">U15 IN LOMBARDIA<\/a><\/h4>\n\t\t                <\/div>\n\t\t                <\/div>\t\t\t        \t\t\t\n\t        \t\t<\/div><div class=\"col-md-4 col-sm-4 mb-30 blog-item style2\">\n\t        \t\t\t\t<div class=\"news-list-item\"><div class=\"news-img\">\n\t\t                        \t<a href=\"https:\/\/asdlevantebitritto.it\/?post_type=post&p=3947\"><img loading=\"lazy\" decoding=\"async\" width=\"600\" height=\"775\" src=\"https:\/\/asdlevantebitritto.it\/wp-content\/uploads\/2026\/01\/604616568_1421233270008500_8414152872528247562_n-600x775.jpg\" class=\"attachment-khelo_blog_sm_grid size-khelo_blog_sm_grid wp-post-image\" alt=\"\" srcset=\"https:\/\/asdlevantebitritto.it\/wp-content\/uploads\/2026\/01\/604616568_1421233270008500_8414152872528247562_n-600x775.jpg 600w, https:\/\/asdlevantebitritto.it\/wp-content\/uploads\/2026\/01\/604616568_1421233270008500_8414152872528247562_n-350x452.jpg 350w\" sizes=\"auto, (max-width: 600px) 100vw, 600px\" \/><\/a>\n\t\t                    <\/div><div class=\"news-info-list\" style=\"position: static;\">\n\t\t\t\t\t\t\t<div class=\"meta meta-date\">\n\t\t\t\t\t\t\t\t<span class=\"month-day\">21<\/span>\n\t\t\t\t\t\t\t\t<span class=\"month-name\">Dic<\/span>\n\t\t\t\t\t\t\t<\/div>\n\t                    \t<h4 class=\"news-title\"><a href=\"https:\/\/asdlevantebitritto.it\/?post_type=post&p=3947\">U11 E U10 PROTAGONISTI AL &#8220;PRO CHRISTMAS CUP&#8221;<\/a><\/h4>\n\t\t                <\/div>\n\t\t                <\/div>\t\t\t        \t\t\t\n\t        \t\t<\/div><div class=\"col-md-4 col-sm-4 mb-30 blog-item style2\">\n\t        \t\t\t\t<div class=\"news-list-item\"><div class=\"news-img\">\n\t\t                        \t<a href=\"https:\/\/asdlevantebitritto.it\/?post_type=post&p=3944\"><img loading=\"lazy\" decoding=\"async\" width=\"600\" height=\"775\" src=\"https:\/\/asdlevantebitritto.it\/wp-content\/uploads\/2026\/01\/598277693_1415683177230176_4040880553721646969_n-600x775.jpg\" class=\"attachment-khelo_blog_sm_grid size-khelo_blog_sm_grid wp-post-image\" alt=\"\" srcset=\"https:\/\/asdlevantebitritto.it\/wp-content\/uploads\/2026\/01\/598277693_1415683177230176_4040880553721646969_n-600x775.jpg 600w, https:\/\/asdlevantebitritto.it\/wp-content\/uploads\/2026\/01\/598277693_1415683177230176_4040880553721646969_n-350x452.jpg 350w\" sizes=\"auto, (max-width: 600px) 100vw, 600px\" \/><\/a>\n\t\t                    <\/div><div class=\"news-info-list\" style=\"position: static;\">\n\t\t\t\t\t\t\t<div class=\"meta meta-date\">\n\t\t\t\t\t\t\t\t<span class=\"month-day\">15<\/span>\n\t\t\t\t\t\t\t\t<span class=\"month-name\">Dic<\/span>\n\t\t\t\t\t\t\t<\/div>\n\t                    \t<h4 class=\"news-title\"><a href=\"https:\/\/asdlevantebitritto.it\/?post_type=post&p=3944\">2017 AL RADUNO FIGC<\/a><\/h4>\n\t\t                <\/div>\n\t\t                <\/div>\t\t\t        \t\t\t\n\t        \t\t<\/div><\/div>\n\t\t\t<\/div>[\/vc_column][vc_column width=&#8221;1\/6&#8243;][\/vc_column][\/vc_row]<\/p>\n","protected":false},"excerpt":{"rendered":"<p>[vc_row css=&#8221;.vc_custom_1610829549797{padding-top: 10px !important;padding-right: 10px !important;padding-bottom: 10px !important;padding-left: 10px !important;}&#8221;][vc_column][vc_empty_space height=&#8221;20px&#8221;][\/vc_column][\/vc_row][vc_row][vc_column][\/vc_column][\/vc_row][vc_row][vc_column width=&#8221;1\/4&#8243;][vc_single_image image=&#8221;3105&#8243; img_size=&#8221;full&#8221;][\/vc_column][vc_column width=&#8221;3\/4&#8243;][vc_column_text]Bari Generation \u00e8 il progetto ideato dall&#8217;SSC Bari per valorizzare tutti i giovani talenti del nostro territorio, aperto alle societ\u00e0 locali che vorranno far parte della grande famiglia dei Galletti. Crediamo nella missione sociale del calcio, siamo convinti che la passione&#8230;<\/p>\n","protected":false},"author":1,"featured_media":0,"parent":0,"menu_order":0,"comment_status":"closed","ping_status":"closed","template":"","meta":{"footnotes":""},"class_list":["post-3102","page","type-page","status-publish","hentry"],"_links":{"self":[{"href":"https:\/\/asdlevantebitritto.it\/index.php\/wp-json\/wp\/v2\/pages\/3102","targetHints":{"allow":["GET"]}}],"collection":[{"href":"https:\/\/asdlevantebitritto.it\/index.php\/wp-json\/wp\/v2\/pages"}],"about":[{"href":"https:\/\/asdlevantebitritto.it\/index.php\/wp-json\/wp\/v2\/types\/page"}],"author":[{"embeddable":true,"href":"https:\/\/asdlevantebitritto.it\/index.php\/wp-json\/wp\/v2\/users\/1"}],"replies":[{"embeddable":true,"href":"https:\/\/asdlevantebitritto.it\/index.php\/wp-json\/wp\/v2\/comments?post=3102"}],"version-history":[{"count":34,"href":"https:\/\/asdlevantebitritto.it\/index.php\/wp-json\/wp\/v2\/pages\/3102\/revisions"}],"predecessor-version":[{"id":3486,"href":"https:\/\/asdlevantebitritto.it\/index.php\/wp-json\/wp\/v2\/pages\/3102\/revisions\/3486"}],"wp:attachment":[{"href":"https:\/\/asdlevantebitritto.it\/index.php\/wp-json\/wp\/v2\/media?parent=3102"}],"curies":[{"name":"wp","href":"https:\/\/api.w.org\/{rel}","templated":true}]}}