{"id":3536,"date":"2022-03-20T18:02:01","date_gmt":"2022-03-20T17:02:01","guid":{"rendered":"https:\/\/asdlevantebitritto.it\/?page_id=3536"},"modified":"2024-09-01T10:04:47","modified_gmt":"2024-09-01T08:04:47","slug":"tutela-minori","status":"publish","type":"page","link":"https:\/\/asdlevantebitritto.it\/index.php\/tutela-minori\/","title":{"rendered":"Safeguarding e Tutela Minori"},"content":{"rendered":"<p>[vc_row css=&#8221;.vc_custom_1610903832046{background-position: center !important;background-repeat: no-repeat !important;background-size: cover !important;}&#8221; el_class=&#8221;fixture-views&#8221;][vc_column][vc_column_text]<\/p>\n<blockquote>\n<div class=\"elementor-column elementor-col-50 elementor-top-column elementor-element elementor-element-56d1a234\" data-id=\"56d1a234\" data-element_type=\"column\">\n<div class=\"elementor-column-wrap elementor-element-populated\">\n<div class=\"elementor-widget-wrap\">\n<section class=\"elementor-section elementor-inner-section elementor-element elementor-element-9c71999 elementor-section-boxed elementor-section-height-default elementor-section-height-default\" data-id=\"9c71999\" data-element_type=\"section\">\n<div class=\"elementor-container elementor-column-gap-default\">\n<div class=\"elementor-row\">\n<div class=\"elementor-column elementor-col-50 elementor-inner-column elementor-element elementor-element-707413c elementor-hidden-phone\" data-id=\"707413c\" data-element_type=\"column\">\n<div class=\"elementor-column-wrap elementor-element-populated\">\n<div class=\"elementor-widget-wrap\">\n<div class=\"elementor-element elementor-element-d117cfe elementor-widget elementor-widget-heading\" data-id=\"d117cfe\" data-element_type=\"widget\" data-widget_type=\"heading.default\">\n<div class=\"elementor-widget-container\">\n<h3 class=\"elementor-heading-title elementor-size-default\">Il calcio deve essere un\u2019esperienza positiva e sicura per tutti i bambini e per tutti i ragazzi<\/h3>\n<\/div>\n<\/div>\n<\/div>\n<\/div>\n<\/div>\n<\/div>\n<\/div>\n<\/section>\n<\/div>\n<\/div>\n<\/div>\n<\/blockquote>\n<p>[\/vc_column_text]\r\n        <div class=\"rs-heading style2   \">\r\n        \t<div class=\"title-inner \">\r\n        \t\t       \t\t\r\n\t            \r\n\t            <h2 class=\"title title-upper\" style=\"color: #111111\">SAFEGUARDING<\/h2> <span class=\"lines-bg\"><\/span>\r\n\t            <div class=\"title-img bottom-img\"><\/div>\r\n\t        <\/div><\/div>[\/vc_column][\/vc_row][vc_row gap=&#8221;5&#8243; css=&#8221;.vc_custom_1611222232026{background-position: center !important;background-repeat: no-repeat !important;background-size: cover !important;}&#8221; el_class=&#8221;fixture-views&#8221;][vc_column width=&#8221;1\/2&#8243;][vc_column_text]<\/p>\n<div class=\"elementor-element elementor-element-d6f39fc elementor-widget elementor-widget-heading\" data-id=\"d6f39fc\" data-element_type=\"widget\" data-widget_type=\"heading.default\">\n<div class=\"elementor-widget-container\">\n<p>La riforma dello sport ha introdotto un nuovo adempimento a carico delle societ\u00e0 sportive.\u00a0L\u2019articolo 16 del Decreto Legislativo 39\/2021 richiede\u00a0<em>la predisposizione dei modelli organizzativi e di controllo dell&#8217;attivit\u00e0 sportiva e dei codici di condotta a tutela dei minori e <\/em><em>per la prevenzione delle molestie, della violenza di genere e di ogni altra condizione di\u00a0discriminazione prevista dal Decreto Legislativo 11 aprile 2006, n. 198 o per ragioni di etnia,\u00a0religione, convinzioni personali, disabilit\u00e0, et\u00e0 o orientamento sessuale.<\/em><\/p>\n<\/div>\n<p>La <strong>ASD LEVANTE BITRITTO,<\/strong> gi\u00e0 a partire dalla stagione sportiva 2021\/2022, ha aderito al programma sulla <strong>tutela dei minori<\/strong> della <strong>FIGC,<\/strong> personalizzando la <em>policy<\/em> alla propria realt\u00e0, fornendo adeguata formazione\/informazione ai tecnici ed ai dirigenti tesserati, redigendo norme di condotta visionabili nella bacheca della propria segreteria. Oggi tutto questo viene rinforzato dal protocollo <strong>Safeguarding.<\/strong><\/p>\n<p>&nbsp;<\/p>\n<p><strong>OBIETTIVI PRINCIPALI<\/strong><\/p>\n<\/div>\n<ul>\n<li>Garantire il <strong>calcio<\/strong> come uno <strong>sport sicuro<\/strong>, un\u2019esperienza positiva e divertente per tutti i bambini e per tutti i ragazzi coinvolti, indipendentemente dalla loro et\u00e0, genere, orientamento sessuale, etnia e background sociale, religione e livello di abilit\u00e0 o disabilit\u00e0.<\/li>\n<li>Tutelare il ruolo del calcio nel <strong>promuovere lo sviluppo, la salute e il benessere dei giovani<\/strong>.<\/li>\n<li>Creare una rete per <strong>segnalare disagi o abusi<\/strong> a carico dei minori, <strong>contrasto alla violenza di genere<\/strong>, <strong>contrasto ad ogni forma di razzismo e discriminazione<\/strong>.<\/li>\n<\/ul>\n<p>&nbsp;<\/p>\n<p>In fase di tesseramento ogni componente della societ\u00e0 accetta i documenti relativi al safeguarding visionabili in segreteria:<\/p>\n<ul>\n<li>modello di controllo<\/li>\n<li>policy<\/li>\n<li>codice di condotta<\/li>\n<\/ul>\n<p>[\/vc_column_text][\/vc_column][vc_column width=&#8221;1\/2&#8243;][vc_single_image image=&#8221;3543&#8243; img_size=&#8221;large&#8221;][\/vc_column][\/vc_row][vc_row gap=&#8221;5&#8243; css=&#8221;.vc_custom_1611222232026{background-position: center !important;background-repeat: no-repeat !important;background-size: cover !important;}&#8221; el_class=&#8221;fixture-views&#8221;][vc_column width=&#8221;1\/2&#8243;][vc_column_text]<\/p>\n<div class=\"elementor-element elementor-element-d6f39fc elementor-widget elementor-widget-heading\" data-id=\"d6f39fc\" data-element_type=\"widget\" data-widget_type=\"heading.default\">\n<div class=\"elementor-widget-container\">\n<p>Per chiarimenti o segnalazioni contattare il <strong>Responsabile<\/strong>\u00a0<strong>Safeguarding<\/strong> della societ\u00e0,<\/p>\n<p><strong>Prof.ssa Giovanna Oliva<\/strong>,<\/p>\n<\/div>\n<\/div>\n<p>[\/vc_column_text][vc_single_image image=&#8221;2840&#8243; img_size=&#8221;large&#8221;][vc_column_text]ai seguenti indirizzi mail:<\/p>\n<p>asdlevantebitritto@gmail.com<\/p>\n<p>oliva.giova@gmail.com[\/vc_column_text][\/vc_column][vc_column width=&#8221;1\/2&#8243;][\/vc_column][\/vc_row]<\/p>\n","protected":false},"excerpt":{"rendered":"<p>[vc_row css=&#8221;.vc_custom_1610903832046{background-position: center !important;background-repeat: no-repeat !important;background-size: cover !important;}&#8221; el_class=&#8221;fixture-views&#8221;][vc_column][vc_column_text] Il calcio deve essere un\u2019esperienza positiva e sicura per tutti i bambini e per tutti i ragazzi [\/vc_column_text][\/vc_column][\/vc_row][vc_row gap=&#8221;5&#8243; css=&#8221;.vc_custom_1611222232026{background-position: center !important;background-repeat: no-repeat !important;background-size: cover !important;}&#8221; el_class=&#8221;fixture-views&#8221;][vc_column width=&#8221;1\/2&#8243;][vc_column_text] La riforma dello sport ha introdotto un nuovo adempimento a carico delle societ\u00e0 sportive.\u00a0L\u2019articolo 16 del Decreto Legislativo&#8230;<\/p>\n","protected":false},"author":1,"featured_media":0,"parent":0,"menu_order":0,"comment_status":"closed","ping_status":"closed","template":"","meta":{"footnotes":""},"class_list":["post-3536","page","type-page","status-publish","hentry"],"_links":{"self":[{"href":"https:\/\/asdlevantebitritto.it\/index.php\/wp-json\/wp\/v2\/pages\/3536","targetHints":{"allow":["GET"]}}],"collection":[{"href":"https:\/\/asdlevantebitritto.it\/index.php\/wp-json\/wp\/v2\/pages"}],"about":[{"href":"https:\/\/asdlevantebitritto.it\/index.php\/wp-json\/wp\/v2\/types\/page"}],"author":[{"embeddable":true,"href":"https:\/\/asdlevantebitritto.it\/index.php\/wp-json\/wp\/v2\/users\/1"}],"replies":[{"embeddable":true,"href":"https:\/\/asdlevantebitritto.it\/index.php\/wp-json\/wp\/v2\/comments?post=3536"}],"version-history":[{"count":20,"href":"https:\/\/asdlevantebitritto.it\/index.php\/wp-json\/wp\/v2\/pages\/3536\/revisions"}],"predecessor-version":[{"id":3846,"href":"https:\/\/asdlevantebitritto.it\/index.php\/wp-json\/wp\/v2\/pages\/3536\/revisions\/3846"}],"wp:attachment":[{"href":"https:\/\/asdlevantebitritto.it\/index.php\/wp-json\/wp\/v2\/media?parent=3536"}],"curies":[{"name":"wp","href":"https:\/\/api.w.org\/{rel}","templated":true}]}}